+ 18984 = 31*l. List the prime factors of l.
2, 7, 113
Let m be 36/(-270) - (-1)/(15/1202). Suppose m - 15 = l. What are the prime factors of l?
5, 13
List the prime factors of (2 - (-4 + 4)) + 10311 + 6 + -9.
2, 5, 1031
Let h(o) = -25*o**2 + 8*o + 38. Let q(t) = -23*t**2 + 7*t + 37. Let i(x) = 6*h(x) - 7*q(x). What are the prime factors of i(11)?
1289
Let p(a) = 85*a**2 + 54*a - 45. List the prime factors of p(-8).
7, 709
Suppose 5*w - 120 = -19*w. What are the prime factors of (-32634)/(-35) + 4 + (-2)/w?
2, 3, 13
Let o be 72/(-96) + 1594/(-8). Let h = 325 - o. What are the prime factors of h?
3, 5, 7
Let o = 4686 - -4090. What are the prime factors of o?
2, 1097
Suppose -3*n + q - 1084 = n, 4*n + 1076 = -q. Let a = n + 462. What are the prime factors of a?
2, 3
Let p(z) = 4*z**3 + 74*z**2 - 49*z + 27. Let s(o) = o**3 + 25*o**2 - 16*o + 9. Let g(v) = 2*p(v) - 7*s(v). What are the prime factors of g(27)?
3, 41
Let p(j) = 2*j + 62. Let b(g) = -g - 25. Let w(t) = -12*b(t) - 5*p(t). Let h(y) = -4*y + 6. Let r be h(-6). List the prime factors of w(r).
2, 5
Suppose -10 = -4*j + 4*z - 42, -j + 1 = 2*z. Let h(w) = -2*w**2 - 7*w + 17. Let c be h(j). Suppose -702 = -p - c*p. List the prime factors of p.
2, 3, 13
What are the prime factors of (15 - (-13 + 3567))*-1?
3539
What are the prime factors of (-4204610)/(-510) + (-4)/(-6)?
5, 17, 97
Let c(h) = -45284*h - 407. What are the prime factors of c(-2)?
29, 3109
Suppose c + 47*u - 46*u = -4, -12 = 3*c + 2*u. Let x(i) = -81*i + 30. What are the prime factors of x(c)?
2, 3, 59
Suppose 29*g = 39*g - 6980. Let h = g - 399. List the prime factors of h.
13, 23
Let x(h) = 2*h + 2. Let s(w) = -21*w + 116. Let k(n) = s(n) + x(n). What are the prime factors of k(-8)?
2, 3, 5
Let m = -2 - -11. Suppose -3*f + m = 0, 8*f - 3*f + 665 = 5*g. Suppose -c + g = c. List the prime factors of c.
2, 17
Suppose 2*x - c + 3*c = -16, 5*x + c + 44 = 0. Let a(q) = -q**3 + 3*q**2 - 16*q - 26. List the prime factors of a(x).
2, 5, 109
Suppose 50*s - 185836 - 1066665 = -51*s. List the prime factors of s.
12401
List the prime factors of 22355 - (22 + -7 + -13 + 9).
2, 3, 7, 19
Suppose 1966333 = 49*q + 26*q - 633167. List the prime factors of q.
2, 5, 1733
Let o(p) be the third derivative of p**4/24 + 5*p**3/6 - 13*p**2. Let n be o(-3). Suppose n*f = 5*f - 234. List the prime factors of f.
2, 3, 13
Suppose 334*x + 306810 = 369*x. List the prime factors of x.
2, 3, 487
Suppose -3*j + 182 = 3*o + o, -2*o = -2*j + 140. Suppose -24*n + 28 = -17*n. Suppose -n*i + i = -j. What are the prime factors of i?
2, 11
Let b(l) = l**2 + 16*l. Let q be b(-16). Suppose 7*w + q*w = 4431. What are the prime factors of w?
3, 211
Let c = 134 + -128. Suppose -13*o = c*o - 2166. List the prime factors of o.
2, 3, 19
Suppose 4*t - 1635 = -2*n - 3*n, 0 = -n + 4*t + 303. Let l = 1509 - n. List the prime factors of l.
2, 593
Suppose 16 = 4*y + 9*s - 7*s, -18 = -4*y - s. Suppose 0 = -y*w - x + 1001, -8*w - 3*x = -3*w - 1003. Let h = w + -68. What are the prime factors of h?
2, 3, 11
Suppose 6*s = 3 - 3. Suppose -50*x + 15*x + 24115 = s. What are the prime factors of x?
13, 53
Let s(q) = 13*q**3 + q - 2. Let m be s(1). Suppose m*d + 336 = 10*d. Let u = d + 321. List the prime factors of u.
3, 17
Suppose q - 5*z + 395 = 0, 1504 = -4*q - 0*z + z. Let k = q - -773. List the prime factors of k.
2, 199
Suppose -5*i + 5*x = -21165, 2*i - 12*i - x = -42275. What are the prime factors of i?
2, 7, 151
Suppose 872 = -16*r + 8*r. Let j = r - -267. What are the prime factors of j?
2, 79
Let v be 126/(((-1)/18)/(6/(-18))). Suppose -3*u + v + 819 = 0. Suppose 5*f - 310 = -4*r + u, -845 = -4*r - 3*f. List the prime factors of r.
5, 43
Let p = -73 - -79. Let q be 1/p - 3/((-90)/8275). Let i = -185 + q. List the prime factors of i.
7, 13
Suppose -5*b = 15, -4*l = 6*b - 2*b - 12. Suppose g = -l*g + 2*g. Suppose g = -2*i + 512 - 94. What are the prime factors of i?
11, 19
Let v = 7545 + -4546. List the prime factors of v.
2999
Let y(z) = z**3 - 9*z**2 - 3*z - 10. Let l be y(10). Let w = l - -8. Suppose -3*c - w = -284. What are the prime factors of c?
2, 3
Suppose -o + 1 = -2*k, -4*k = 5*o - 11 - 22. Suppose 3*f + 8 - 1 = 4*z, -4*f = -o*z + 10. What are the prime factors of 45*z/(2 + -8)?
3, 5
Suppose 3330*f = 3309*f + 1121526. What are the prime factors of f?
2, 3, 23, 43
Suppose 12*v = -102 - 102. Let m be -2 + 1 + -2 - v. Suppose -m*j + 10*j + 92 = 0. What are the prime factors of j?
23
Let l be (-133 + (-2 - 2))*-1. Let g = l - 97. Suppose -g = 2*f - 6*f. List the prime factors of f.
2, 5
Let k be ((-10)/(-14))/(21/147). Suppose -k*w = s - 113, 5*s - 5*w = 89 + 506. What are the prime factors of s?
2, 59
Suppose 4*t + 3*d - 23087 = 1975, 8 = -4*d. What are the prime factors of t?
3, 2089
Let q = 417 + -140. Let o = 565 - q. What are the prime factors of o?
2, 3
Suppose 3*h - 6 = -2*o - 3*o, -2*h + 4 = -5*o. Suppose y - q = -0*q + 371, -2*y - 3*q + 727 = o. What are the prime factors of y?
2, 23
Suppose 3*h + 20*w - 285109 = 22*w, h - 4*w = 95053. List the prime factors of h.
29, 113
Let q(p) = 10431*p**2 - 25*p - 2. List the prime factors of q(1).
2, 3, 17
Let q = -9326 + 16690. What are the prime factors of q?
2, 7, 263
Suppose -6*y + y + 20 = 0. Suppose 0 = 5*i - y*h - 1873, -9*i = -13*i - h + 1490. List the prime factors of i.
373
Let i(b) = -b**2 + 2*b + 26. Let p be i(6). Suppose -4*a = 4*o - 26 + 6, a + 7 = p*o. Suppose -y = 5*q - o + 5, 3*q = -6. What are the prime factors of y?
3
Suppose 0 = 4*f + 4*z - 35432, 5*f + 9*z = 5*z + 44291. What are the prime factors of f?
3, 2953
Let z(d) = 2*d**2 + 81*d + 1102. List the prime factors of z(-36).
2, 389
Let w(x) be the second derivative of -81*x**5/20 + x**4/4 + 2*x**3/3 + x**2 - 2*x. Let q = -2054 + 2053. List the prime factors of w(q).
2, 41
Let y(p) = 7797*p**2 - 2*p + 4. List the prime factors of y(1).
11, 709
Let b(g) = g**3 - 15*g**2 + 12*g - 195. What are the prime factors of b(25)?
5, 31, 41
Suppose -v - x + 7191 = 3*v, -3588 = -2*v - 2*x. Suppose k = -2*k + 15, 2*s - v = -5*k. List the prime factors of s.
887
Suppose -43218 = 12*c - 57*c + 31*c. List the prime factors of c.
3, 7
Suppose 0 = -z + 8 - 9. Let h be (0/z)/(18 - 19). Suppose 620 = 4*r - h*r. What are the prime factors of r?
5, 31
Let s(u) = -u**3 - 3*u**2 + 4*u - 12. Let v(k) be the second derivative of k**3/6 - 5*k**2/2 + 9*k. Let h be v(0). What are the prime factors of s(h)?
2, 3
Let i = -108 + 735. Let p = i + -215. What are the prime factors of p?
2, 103
Suppose 2*m - 147136 = -5*w, -8*w + 7*w - 3*m = -29448. What are the prime factors of w?
2, 3, 613
Suppose w + 55 = 2*w. Let b = w + 22. Let o = b + -53. List the prime factors of o.
2, 3
Let v(o) = 2*o**2 + 2*o - 9. Let a be v(-4). Suppose 0 = 5*n - a, -47 = 5*j - 6*n + 2*n. What are the prime factors of (j + 55/5)*(-39)/(-1)?
2, 3, 13
Suppose -3*s + 28*s - 37368 + 8518 = 0. List the prime factors of s.
2, 577
Suppose -3*d + 46286 = -10*u + 12*u, 0 = 6*d + 3*u - 92574. List the prime factors of d.
2, 5, 1543
Suppose -8*d - 13 = -53. Suppose 3*u - 4*u - 3*q + 79 = 0, -2*q - 395 = -d*u. List the prime factors of u.
79
Let i be -1 + 2 + (-5668)/(-13) + -3. Let w = 444 - i. What are the prime factors of w?
2, 5
Let j(m) = 7*m**2 - 2*m - 2. Let r(p) = 2*p + 42. Let u be r(-20). Suppose -5*t - 3*w = u, -2*t - 4 = -2*w + 4*w. List the prime factors of j(t).
2, 11
Let b = 1287 - 1285. Let x(v) be the first derivative of 23*v**3/3 - 2*v**2 + 9*v - 1. List the prime factors of x(b).
3, 31
Let p(f) = f**3 + f**2 - 5*f - 6. Let o be p(-2). Suppose 36*w - 28*w - 6616 = o. List the prime factors of w.
827
Let w(i) = -5588*i - 2175. What are the prime factors of w(-4)?
20177
Let c(f) be the first derivative of -77*f**2/2 + 95*f - 3. What are the prime factors of c(-9)?
2, 197
Suppose -3*s + 18670 = -5*q, 5*s - 2*q - 24870 = s. Suppose 10*r - s = -r. What are the prime factors of r?
5, 113
Let p(q) = 11*q**3 - 13*q**2 + 9*q - 5. What are the prime factors of p(8)?
31, 157
Let p be (285 + (6 - (-60)/(-9)))*3. Let z = -356 + p. List the prime factors of z.
7, 71
Let s be (51 + 3 + -1)*(14 - -13). Let d = s + -624. What are the prime factors of d?
3, 269
Let i be 4/(-1 + 3) - 308/(-22). Suppose -i = -8*z + 16. Li